{"id":735,"date":"2024-04-12T20:07:59","date_gmt":"2024-04-12T20:07:59","guid":{"rendered":"https:\/\/serwer273298.lh.pl\/?post_type=product&#038;p=735"},"modified":"2026-02-06T18:19:15","modified_gmt":"2026-02-06T18:19:15","slug":"sofa-uszak","status":"publish","type":"product","link":"https:\/\/meblejaro.com\/index.php\/produkt\/sofa-uszak\/","title":{"rendered":"Sofa uszak"},"content":{"rendered":"\r\n\t<div class=\"paoc-image-popup\">\r\n\t\t<a class=\"paoc-popup-click paoc-popup-cust-957 paoc-popup-image paoc-popup-image\" href=\"javascript:void(0);\"><img decoding=\"async\" class=\"popupaoc-img\" src=\"https:\/\/meblejaro.com\/wp-content\/uploads\/2024\/04\/royal-velvet.jpg\" alt=\"\" \/><\/a>\r\n\r\n\t\t\t<\/div>\r\n\r\n\r\n\t<div class=\"paoc-image-popup\">\r\n\t\t<a class=\"paoc-popup-click paoc-popup-cust-771 paoc-popup-image paoc-popup-image\" href=\"javascript:void(0);\"><img decoding=\"async\" class=\"popupaoc-img\" src=\"https:\/\/meblejaro.com\/wp-content\/uploads\/2024\/04\/dostepne-nozki-300x188.jpg\" alt=\"\" \/><\/a>\r\n\r\n\t\t\t<\/div>\r\n\r\n\r\n\t<div class=\"paoc-image-popup\">\r\n\t\t<a class=\"paoc-popup-click paoc-popup-cust-776 paoc-popup-image paoc-popup-image\" href=\"javascript:void(0);\"><img decoding=\"async\" class=\"popupaoc-img\" src=\"https:\/\/meblejaro.com\/wp-content\/uploads\/2024\/04\/pinezki-300x188.jpg\" alt=\"\" \/><\/a>\r\n\r\n\t\t\t<\/div>\r\n\r\n\n<h3>Sofa uszak<\/h3>\n<p>Zanurz si\u0119 w komfortowej przyjemno\u015bci z nasz\u0105 szerok\u0105 sof\u0105, kt\u00f3ra przynosi elegancj\u0119 i wygod\u0119 do Twojego wn\u0119trza. Nasza sofa o solidnej konstrukcji oferuje wi\u0119cej miejsca do relaksu ni\u017c tradycyjne fotele typu uszak, zapewniaj\u0105c jednocze\u015bnie ten sam klasyczny wygl\u0105d i wsparcie dla ca\u0142ego cia\u0142a.<\/p>\n<p>Zaprojektowana z my\u015bl\u0105 o luksusie i wygodzie, nasza sofa ma charakterystyczne wysokie oparcie, kt\u00f3re idealnie wspiera plecy i kark, zapewniaj\u0105c przyjemn\u0105 pozycj\u0119 siedz\u0105c\u0105 przez wiele godzin. Jej szerokie siedzisko zapewnia obfit\u0105 przestrze\u0144 dla Ciebie i Twoich bliskich, by cieszy\u0107 si\u0119 wsp\u00f3lnymi chwilami czy relaksuj\u0105cym wieczorem przy ulubionym filmie.<\/p>\n<p>Wykonana z najwy\u017cszej jako\u015bci materia\u0142\u00f3w, \u0142\u0105czy w sobie elegancj\u0119 z wytrzyma\u0142o\u015bci\u0105. Dost\u0119pna w r\u00f3\u017cnorodnych kolorach, pasuje do ka\u017cdego stylu wn\u0119trza, dodaj\u0105c mu wyj\u0105tkowego uroku i charakteru. Dodatkowo, opcjonalne dodatki, jak pinezki ma boczkach czy kryszta\u0142ki, umo\u017cliwiaj\u0105 personalizacj\u0119 i dopasowanie do Twoich preferencji.<\/p>\n<p>Odkryj wyj\u0105tkow\u0105 wygod\u0119 i styl naszej sofy uszak i uczy\u0144 sw\u00f3j salon miejscem, gdzie relaks staje si\u0119 sztuk\u0105.<\/p>\n<p>Poduszki nie s\u0105 cz\u0119\u015bci\u0105 produktu kt\u00f3ry zamawiasz.<\/p>\n<p><strong>Mo\u017cemy wykona\u0107 mebel w wi\u0119kszo\u015bci rozmiar\u00f3w, je\u015bli masz konkretne wymagania co do wielko\u015bci mebla, skontaktuj si\u0119 z nami pod numerem telefonu: +48 790 257 412 lub przez naszego facebooka.<\/strong><\/p>\n<h4>Wymiary<\/h4>\n<p><strong>Wariant 2os:<\/strong><\/p>\n<ul>\n<li>D\u0142ugo\u015b\u0107 ca\u0142kowita: 144cm<\/li>\n<li>G\u0142\u0119boko\u015b\u0107 93cm<\/li>\n<li>Wysoko\u015b\u0107 102cm<\/li>\n<li>Wymiar siedziska 112x51cm<\/li>\n<li>Wysoko\u015b\u0107 od pod\u0142ogi do siedziska 43cm na nogach kopytko H-15.<\/li>\n<\/ul>\n<p><strong>Wariant 3os:<\/strong><\/p>\n<ul>\n<li>D\u0142ugo\u015b\u0107 ca\u0142kowita: 184cm<\/li>\n<li>G\u0142\u0119boko\u015b\u0107: 93cm<\/li>\n<li>Wysoko\u015b\u0107: 102cm<\/li>\n<li>Wymiar siedziska 152-51<\/li>\n<li>Wysoko\u015b\u0107 od pod\u0142ogi do siedziska 43cm na nogach kopytko H-15.<\/li>\n<\/ul>\n<p><strong>Poduszki nie s\u0105 cz\u0119\u015bci\u0105 produktu kt\u00f3ry zamawiasz \u2013 skontaktuj si\u0119 z nami je\u015bli by\u0142by\u015b zainteresowany zakupem dodatkowych poduszek.<\/strong><\/p>\n","protected":false},"excerpt":{"rendered":"<p>Sofa uszak Zanurz si\u0119 w komfortowej przyjemno\u015bci z nasz\u0105 szerok\u0105 sof\u0105, kt\u00f3ra przynosi elegancj\u0119 i wygod\u0119 do Twojego wn\u0119trza. Nasza sofa o solidnej konstrukcji oferuje wi\u0119cej miejsca do relaksu ni\u017c tradycyjne fotele typu uszak, zapewniaj\u0105c jednocze\u015bnie ten sam klasyczny wygl\u0105d &hellip; <a href=\"https:\/\/meblejaro.com\/index.php\/produkt\/sofa-uszak\/\">Continued<\/a><\/p>\n","protected":false},"featured_media":747,"comment_status":"open","ping_status":"closed","template":"","meta":{"kt_blocks_editor_width":""},"product_brand":[],"product_cat":[25,17],"product_tag":[],"class_list":{"0":"post-735","1":"product","2":"type-product","3":"status-publish","4":"has-post-thumbnail","6":"product_cat-chesterfield","7":"product_cat-sofy","8":"product_shipping_class-sofy","10":"first","11":"instock","12":"shipping-taxable","13":"purchasable","14":"product-type-simple"},"_links":{"self":[{"href":"https:\/\/meblejaro.com\/index.php\/wp-json\/wp\/v2\/product\/735","targetHints":{"allow":["GET"]}}],"collection":[{"href":"https:\/\/meblejaro.com\/index.php\/wp-json\/wp\/v2\/product"}],"about":[{"href":"https:\/\/meblejaro.com\/index.php\/wp-json\/wp\/v2\/types\/product"}],"replies":[{"embeddable":true,"href":"https:\/\/meblejaro.com\/index.php\/wp-json\/wp\/v2\/comments?post=735"}],"wp:featuredmedia":[{"embeddable":true,"href":"https:\/\/meblejaro.com\/index.php\/wp-json\/wp\/v2\/media\/747"}],"wp:attachment":[{"href":"https:\/\/meblejaro.com\/index.php\/wp-json\/wp\/v2\/media?parent=735"}],"wp:term":[{"taxonomy":"product_brand","embeddable":true,"href":"https:\/\/meblejaro.com\/index.php\/wp-json\/wp\/v2\/product_brand?post=735"},{"taxonomy":"product_cat","embeddable":true,"href":"https:\/\/meblejaro.com\/index.php\/wp-json\/wp\/v2\/product_cat?post=735"},{"taxonomy":"product_tag","embeddable":true,"href":"https:\/\/meblejaro.com\/index.php\/wp-json\/wp\/v2\/product_tag?post=735"}],"curies":[{"name":"wp","href":"https:\/\/api.w.org\/{rel}","templated":true}]}}