{"id":615,"date":"2024-04-10T05:42:29","date_gmt":"2024-04-10T05:42:29","guid":{"rendered":"https:\/\/serwer273298.lh.pl\/?page_id=615"},"modified":"2024-04-10T05:42:31","modified_gmt":"2024-04-10T05:42:31","slug":"materace","status":"publish","type":"page","link":"https:\/\/meblejaro.com\/index.php\/materace\/","title":{"rendered":"Materace"},"content":{"rendered":"\n<h4 class=\"wp-block-heading\">Londyn<\/h4>\n\n\n\n<figure class=\"wp-block-image size-full is-resized\"><img loading=\"lazy\" decoding=\"async\" width=\"540\" height=\"540\" sizes=\"auto, (max-width: 540px) 100vw, 540px\" src=\"https:\/\/meblejaro.com\/wp-content\/uploads\/2024\/04\/marsylia.jpg\" alt=\"\" class=\"wp-image-616\" style=\"width:750px;height:auto\" srcset=\"https:\/\/meblejaro.com\/wp-content\/uploads\/2024\/04\/marsylia.jpg 540w, https:\/\/meblejaro.com\/wp-content\/uploads\/2024\/04\/marsylia-300x300.jpg 300w, https:\/\/meblejaro.com\/wp-content\/uploads\/2024\/04\/marsylia-150x150.jpg 150w, https:\/\/meblejaro.com\/wp-content\/uploads\/2024\/04\/marsylia-100x100.jpg 100w\" \/><\/figure>\n\n\n\n<p>Tkanina pikowana&nbsp;<strong>owat\u0105<\/strong>&nbsp;(ocieplin\u0105) i&nbsp;<strong>fizelin\u0105<\/strong>. Z tkaniny tej wykonany jest pokrowiec. Jest to tkanina antyalergiczna, kt\u00f3ra odpowiednia jest dla os\u00f3b z alergi\u0105. Pokrowiec posiada zamek b\u0142yskawiczny w kszta\u0142\u0107cie litery \u201eU\u201d co u\u0142atwia \u015bci\u0105ganie pokrowca do prania. Zalecane jest pranie pokrowca dwa razy w roku w temperaturze do 40oC.<\/p>\n\n\n\n<p><strong>Pianka lateksowa<\/strong>&nbsp;jest antyalergiczna i charakteryzuje si\u0119 wysok\u0105 trwa\u0142o\u015bci\u0105 i elastyczno\u015bci\u0105 punktow\u0105, odpowiednio dopasowuje si\u0119 do kszta\u0142t\u00f3w cia\u0142a. Ogranicza ryzyko wyst\u0105pienia roztoczy. Dzi\u0119ki du\u017cej ilo\u015bci otwor\u00f3w materac jest w ci\u0105g\u0142ej wentylacji.<br><br><strong>Mata kokosowa<\/strong>&nbsp;wykonana z naturalnych w\u0142\u00f3kien kokosowych. Ma w\u0142a\u015bciwo\u015bci antygrzybiczne i antyalergiczne. Dobrze odprowadza wilgo\u0107 i utwardza materac. Korzystnie wp\u0142ywa na zdrowy sen.<\/p>\n\n\n\n<p><strong>Filc tapicerski<\/strong>&nbsp;usztywnia ca\u0142\u0105 konstrukcj\u0119 zwi\u0119kszaj\u0105c wytrzyma\u0142o\u015b\u0107 materaca. Oddziela wk\u0142ad spr\u0119\u017cynowy od pianki.<\/p>\n\n\n\n<p><strong>7-strefowa formatka kieszeniowa<\/strong>&nbsp;(POCKET) Formatka ta sk\u0142ada si\u0119 ze spr\u0119\u017cyn umieszczonych w osobnych kieszeniach dzi\u0119ki temu s\u0105 niezale\u017cne od siebie i elastyczne punktowo. Dodatkowo nie wydaje metalicznych d\u017awi\u0119k\u00f3w pod naciskiem ci\u0119\u017caru cia\u0142a. Formatka podzielona jest na 7-stref twardo\u015bci. Ka\u017cda z nich jest odpowiednio dopasowana do danej cz\u0119\u015bci cia\u0142a.<\/p>\n\n\n\n<p><strong>Filc tapicerski<\/strong>&nbsp;usztywnia ca\u0142\u0105 konstrukcj\u0119 zwi\u0119kszaj\u0105c wytrzyma\u0142o\u015b\u0107 materaca. Oddziela wk\u0142ad spr\u0119\u017cynowy od pianki.<strong><br><br>Formatka pianki<\/strong>&nbsp;<strong>poliuretanowej<\/strong>&nbsp;jest odporna na odkszta\u0142cenia. Dzi\u0119ki swoim w\u0142a\u015bciwo\u015bciom jest antyalergiczna i utrzymuje odpowiedni\u0105 wentylacj\u0119 wok\u00f3\u0142 spr\u0119\u017cyn. Dodatkowo otacza materac tworz\u0105c mocn\u0105 ram\u0119.<\/p>\n\n\n\n<p><strong>Mata kokosowa<\/strong>&nbsp;wykonana z naturalnych w\u0142\u00f3kien kokosowych. Ma w\u0142a\u015bciwo\u015bci antygrzybiczne i antyalergiczne. Dobrze odprowadza wilgo\u0107 i utwardza materac. Korzystnie wp\u0142ywa na zdrowy sen.<\/p>\n\n\n\n<p>TWARDO\u015a\u0106 MATERACA H3\/H4 (\u015aREDNIO TWARDY\/ TWARDY)<\/p>\n\n\n\n<p>WYSOKO\u015a\u0106 MATERACA OKO\u0141O 19 CM<\/p>\n\n\n\n<h4 class=\"wp-block-heading\">Marsylia<\/h4>\n\n\n\n<figure class=\"wp-block-gallery has-nested-images columns-default is-cropped wp-block-gallery-1 is-layout-flex wp-block-gallery-is-layout-flex\">\n<figure class=\"wp-block-image size-large\"><img loading=\"lazy\" decoding=\"async\" width=\"540\" height=\"540\" data-id=\"617\" src=\"https:\/\/meblejaro.com\/wp-content\/uploads\/2024\/04\/londyn.jpg\" alt=\"\" class=\"wp-image-617\" srcset=\"https:\/\/meblejaro.com\/wp-content\/uploads\/2024\/04\/londyn.jpg 540w, https:\/\/meblejaro.com\/wp-content\/uploads\/2024\/04\/londyn-300x300.jpg 300w, https:\/\/meblejaro.com\/wp-content\/uploads\/2024\/04\/londyn-150x150.jpg 150w, https:\/\/meblejaro.com\/wp-content\/uploads\/2024\/04\/londyn-100x100.jpg 100w\" sizes=\"auto, (max-width: 540px) 100vw, 540px\" \/><\/figure>\n<\/figure>\n\n\n\n<p><strong>Tkanina pikowana owat\u0105<\/strong>&nbsp;(ocieplin\u0105) i&nbsp;<strong>fizelin\u0105<\/strong>. Z tkaniny tej wykonany jest pokrowiec. Jest to tkanina antyalergiczna, kt\u00f3ra odpowiednia jest dla os\u00f3b z alergi\u0105. Pokrowiec posiada zamek b\u0142yskawiczny w kszta\u0142\u0107cie litery \u201eU\u201d co u\u0142atwia \u015bci\u0105ganie pokrowca do prania. Zalecane jest pranie pokrowca dwa razy w roku w temperaturze do 40oC<\/p>\n\n\n\n<p><strong>Pianka lateksowa<\/strong>&nbsp;jest antyalergiczna i charakteryzuje si\u0119 wysok\u0105 trwa\u0142o\u015bci\u0105 i elastyczno\u015bci\u0105 punktow\u0105, odpowiednio dopasowuje si\u0119 do kszta\u0142t\u00f3w cia\u0142a. Ogranicza ryzyko wyst\u0105pienia roztoczy. Dzi\u0119ki du\u017cej ilo\u015bci otwor\u00f3w materac jest w ci\u0105g\u0142ej wentylacji.<\/p>\n\n\n\n<p><strong>Mata kokosowa<\/strong>&nbsp;wykonana z naturalnych w\u0142\u00f3kien kokosowych. Ma w\u0142a\u015bciwo\u015bci antygrzybiczne i antyalergiczne. Dobrze odprowadza wilgo\u0107 i utwardza materac. Korzystnie wp\u0142ywa na zdrowy sen.<\/p>\n\n\n\n<p><strong>Filc tapicerski<\/strong>&nbsp;usztywnia ca\u0142\u0105 konstrukcj\u0119 zwi\u0119kszaj\u0105c wytrzyma\u0142o\u015b\u0107 materaca. Oddziela wk\u0142ad spr\u0119\u017cynowy od pianki.<\/p>\n\n\n\n<p><strong>7-strefowa formatka kieszeniowa<\/strong>&nbsp;(POCKET) Formatka ta sk\u0142ada si\u0119 ze spr\u0119\u017cyn umieszczonych w osobnych kieszeniach dzi\u0119ki temu s\u0105 niezale\u017cne od siebie i elastyczne punktowo. Dodatkowo nie wydaje metalicznych d\u017awi\u0119k\u00f3w pod naciskiem ci\u0119\u017caru cia\u0142a. Formatka podzielona jest na 7-stref twardo\u015bci. Ka\u017cda z nich jest odpowiednio dopasowana do danej cz\u0119\u015bci<br>cia\u0142a.<\/p>\n\n\n\n<p><strong>Filc tapicerski<\/strong>&nbsp;usztywnia ca\u0142\u0105 konstrukcj\u0119 zwi\u0119kszaj\u0105c wytrzyma\u0142o\u015b\u0107 materaca. Oddziela wk\u0142ad spr\u0119\u017cynowy od pianki.<strong><br><br>Formatka pianki poliuretanowej<\/strong>&nbsp;jest odporna na odkszta\u0142cenia. Dzi\u0119ki swoim w\u0142a\u015bciwo\u015bciom jest antyalergiczna i utrzymuje odpowiedni\u0105 wentylacj\u0119 wok\u00f3\u0142 spr\u0119\u017cyn. Dodatkowo otacza materac tworz\u0105c mocn\u0105 ram\u0119.<\/p>\n\n\n\n<p><br>TWARDO\u015a\u0106 MATERACA H3\/H2 (\u015aREDNIO TWARDY\/ \u015aREDNIO TWARDY)<\/p>\n\n\n\n<p>WYSOKO\u015a\u0106 MATERACA OKO\u0141O 19 CM<\/p>\n","protected":false},"excerpt":{"rendered":"<p>Londyn Tkanina pikowana&nbsp;owat\u0105&nbsp;(ocieplin\u0105) i&nbsp;fizelin\u0105. Z tkaniny tej wykonany jest pokrowiec. Jest to tkanina antyalergiczna, kt\u00f3ra odpowiednia jest dla os\u00f3b z alergi\u0105. Pokrowiec posiada zamek b\u0142yskawiczny w kszta\u0142\u0107cie litery \u201eU\u201d co u\u0142atwia \u015bci\u0105ganie pokrowca do prania. Zalecane jest pranie pokrowca dwa &hellip; <a href=\"https:\/\/meblejaro.com\/index.php\/materace\/\">Continued<\/a><\/p>\n","protected":false},"author":1,"featured_media":0,"parent":0,"menu_order":0,"comment_status":"closed","ping_status":"closed","template":"","meta":{"kt_blocks_editor_width":"","footnotes":""},"class_list":["post-615","page","type-page","status-publish","hentry"],"_links":{"self":[{"href":"https:\/\/meblejaro.com\/index.php\/wp-json\/wp\/v2\/pages\/615","targetHints":{"allow":["GET"]}}],"collection":[{"href":"https:\/\/meblejaro.com\/index.php\/wp-json\/wp\/v2\/pages"}],"about":[{"href":"https:\/\/meblejaro.com\/index.php\/wp-json\/wp\/v2\/types\/page"}],"author":[{"embeddable":true,"href":"https:\/\/meblejaro.com\/index.php\/wp-json\/wp\/v2\/users\/1"}],"replies":[{"embeddable":true,"href":"https:\/\/meblejaro.com\/index.php\/wp-json\/wp\/v2\/comments?post=615"}],"version-history":[{"count":0,"href":"https:\/\/meblejaro.com\/index.php\/wp-json\/wp\/v2\/pages\/615\/revisions"}],"wp:attachment":[{"href":"https:\/\/meblejaro.com\/index.php\/wp-json\/wp\/v2\/media?parent=615"}],"curies":[{"name":"wp","href":"https:\/\/api.w.org\/{rel}","templated":true}]}}